{"id":286,"date":"2015-08-18T16:18:46","date_gmt":"2015-08-18T15:18:46","guid":{"rendered":"http:\/\/www.m-t-z.at\/?page_id=286"},"modified":"2023-11-30T12:31:09","modified_gmt":"2023-11-30T11:31:09","slug":"curriculum","status":"publish","type":"page","link":"http:\/\/www.m-t-z.at\/?page_id=286","title":{"rendered":"Curriculum"},"content":{"rendered":"<p><strong>Inhalte der Ausbildung<\/strong><strong>\u00a0<\/strong><\/p>\n<p>Die Inhalte der theoretischen Ausbildung sind in <strong>systematisch aufgebauten Bl\u00f6cken<\/strong> konzipiert.<br \/>\nDie einzelnen Vortr\u00e4ge der jeweiligen Themengebiete sind inhaltlich aufeinander abgestimmt, Inhaltsverschiebungen\u00a0 innerhalb der Bl\u00f6cke sind jedoch m\u00f6glich.<br \/>\nExkursionen bzw. praktische Workshops sind Teil der theoretischen Themenbereiche und werden von MTZ organisiert und begleitet.<br \/>\nNachweisliches <strong>Praktikum<\/strong> in einer tier\u00e4rztlichen Praxis von 20 Stunden .<\/p>\n<p><strong>Curriculum:<br \/>\n<\/strong><strong>Die Ausbildung entspricht den Empfehlungen der WK\u00d6 zum Tierern\u00e4hrungsberater.<\/strong><\/p>\n<p><a href=\"https:\/\/www.wko.at\/branchen\/gewerbe-handwerk\/persoenliche-dienstleister\/tierernaehrungsberater.html\"><strong>https:\/\/www.wko.at\/branchen\/gewerbe-handwerk\/persoenliche-dienstleister\/tierernaehrungsberater.html<\/strong><\/a><\/p>\n<p><strong><u>Allgemein:<\/u><\/strong><\/p>\n<ul>\n<li><span style=\"font-size: revert;\">Entwicklung vom Wolf zum Hund<\/span><\/li>\n<li>Anatomie\/Physiologie der Verdauungsorgane Hund<\/li>\n<\/ul>\n<ul>\n<li>Ern\u00e4hrungsgrundlagen (Bausteine, Vitamine, Bedarf, ..)<\/li>\n<li>Nahrungsmittelangebote (Frischf\u00fctterung, BARF, Fertigfuttersorten ,\u2026..)<\/li>\n<li>Angewandte Tierern\u00e4hrung wie z.B. Etikettenanalyse<\/li>\n<li>Allgemeine und spezielle Bedarfsberechnungen, adaptierte Futterplanerstellung<\/li>\n<li>Ern\u00e4hrung in verschiedenen Lebensphasen von Hunden (Tr\u00e4chtigkeit und Aufzucht, Senior, Sport,..)<\/li>\n<li>Herstellung und Verarbeitung von Futter, Kauartikel, Belohnung<\/li>\n<li>Kr\u00e4uter und nat\u00fcrliche Zusatzstoffe, Vitamine<\/li>\n<li>Ern\u00e4hrungsspezifika einzelner Rassen<\/li>\n<\/ul>\n<p><strong><u>Ern\u00e4hrung und Gesundheit, Di\u00e4tetik\u00a0 <\/u><\/strong><\/p>\n<ul>\n<li>Mineralstoffe in der Hundeern\u00e4hrung (Mangel, Exzesse, Stoffwechsel)<\/li>\n<li>Erkrankungen der Verdauungsorgane und Di\u00e4tetik<\/li>\n<li>Ern\u00e4hrung als Unterst\u00fctzung bei Krankheiten<\/li>\n<li>Futtermittelallergien\/Unvertr\u00e4glichkeit<\/li>\n<li>Di\u00e4tetik bei diversen organischen Erkrankungen und Unvertr\u00e4glichkeiten<\/li>\n<li>Krankheiten durch Fehlern\u00e4hrung<\/li>\n<li>Darmgesundheit und die Rolle der Darmfunktion f\u00fcr die Gesundheit<\/li>\n<\/ul>\n<p><strong><u>Ern\u00e4hrung und Verhalten <\/u><\/strong><\/p>\n<ul>\n<li>Auff\u00e4lligkeiten durch Ern\u00e4hrung<\/li>\n<li>Beeinflussung von Verhalten durch Ern\u00e4hrung<\/li>\n<li>Nahrungsmittelerg\u00e4nzungen<\/li>\n<\/ul>\n<p><strong style=\"background-color: transparent; font-size: revert;\"><u>Spezielles:<\/u><\/strong><\/p>\n<ul>\n<li>Vegetarische\/Vegane Hundeern\u00e4hrung<\/li>\n<li>Ern\u00e4hrung nach TCM<\/li>\n<li>Kinesiologie als Hilfe bei Unvertr\u00e4glichkeiten<\/li>\n<li>Einsatz von Kr\u00e4utern, Nahrungserg\u00e4nzungsstoffen, Pro- und Pr\u00e4biotika usw.<\/li>\n<\/ul>\n<p><strong style=\"font-size: revert;\"><strong>Literaturempfehlungen werden von den Referenten abgegeben.<\/strong><\/strong><\/p>\n","protected":false},"excerpt":{"rendered":"<p>Inhalte der Ausbildung\u00a0 Die Inhalte der theoretischen Ausbildung sind in systematisch aufgebauten Bl\u00f6cken konzipiert. Die einzelnen Vortr\u00e4ge der jeweiligen Themengebiete sind inhaltlich aufeinander abgestimmt, Inhaltsverschiebungen\u00a0 innerhalb der Bl\u00f6cke sind jedoch m\u00f6glich. Exkursionen bzw. praktische Workshops sind Teil der theoretischen Themenbereiche und werden von MTZ organisiert und begleitet. Nachweisliches Praktikum in einer tier\u00e4rztlichen Praxis von 20 &hellip; <a href=\"http:\/\/www.m-t-z.at\/?page_id=286\" class=\"more-link\"><span class=\"screen-reader-text\">Curriculum<\/span> weiterlesen <span class=\"meta-nav\">&rarr;<\/span><\/a><\/p>\n","protected":false},"author":1,"featured_media":0,"parent":0,"menu_order":0,"comment_status":"closed","ping_status":"closed","template":"","meta":[],"yoast_head":"<!-- This site is optimized with the Yoast SEO plugin v19.6.1 - https:\/\/yoast.com\/wordpress\/plugins\/seo\/ -->\n<title>Curriculum Ern\u00e4hrung des Hundes<\/title>\n<meta name=\"robots\" content=\"index, follow, max-snippet:-1, max-image-preview:large, max-video-preview:-1\" \/>\n<link rel=\"canonical\" href=\"http:\/\/www.m-t-z.at\/?page_id=286\" \/>\n<meta property=\"og:locale\" content=\"de_DE\" \/>\n<meta property=\"og:type\" content=\"article\" \/>\n<meta property=\"og:title\" content=\"Curriculum Ern\u00e4hrung des Hundes\" \/>\n<meta property=\"og:description\" content=\"Inhalte der Ausbildung\u00a0 Die Inhalte der theoretischen Ausbildung sind in systematisch aufgebauten Bl\u00f6cken konzipiert. Die einzelnen Vortr\u00e4ge der jeweiligen Themengebiete sind inhaltlich aufeinander abgestimmt, Inhaltsverschiebungen\u00a0 innerhalb der Bl\u00f6cke sind jedoch m\u00f6glich. Exkursionen bzw. praktische Workshops sind Teil der theoretischen Themenbereiche und werden von MTZ organisiert und begleitet. Nachweisliches Praktikum in einer tier\u00e4rztlichen Praxis von 20 &hellip; Curriculum weiterlesen &rarr;\" \/>\n<meta property=\"og:url\" content=\"http:\/\/www.m-t-z.at\/?page_id=286\" \/>\n<meta property=\"article:modified_time\" content=\"2023-11-30T11:31:09+00:00\" \/>\n<meta name=\"twitter:card\" content=\"summary\" \/>\n<meta name=\"twitter:label1\" content=\"Gesch\u00e4tzte Lesezeit\" \/>\n\t<meta name=\"twitter:data1\" content=\"2\u00a0Minuten\" \/>\n<script type=\"application\/ld+json\" class=\"yoast-schema-graph\">{\"@context\":\"https:\/\/schema.org\",\"@graph\":[{\"@type\":\"WebPage\",\"@id\":\"http:\/\/www.m-t-z.at\/?page_id=286\",\"url\":\"http:\/\/www.m-t-z.at\/?page_id=286\",\"name\":\"Curriculum Ern\u00e4hrung des Hundes\",\"isPartOf\":{\"@id\":\"http:\/\/www.m-t-z.at\/#website\"},\"datePublished\":\"2015-08-18T15:18:46+00:00\",\"dateModified\":\"2023-11-30T11:31:09+00:00\",\"breadcrumb\":{\"@id\":\"http:\/\/www.m-t-z.at\/?page_id=286#breadcrumb\"},\"inLanguage\":\"de\",\"potentialAction\":[{\"@type\":\"ReadAction\",\"target\":[\"http:\/\/www.m-t-z.at\/?page_id=286\"]}]},{\"@type\":\"BreadcrumbList\",\"@id\":\"http:\/\/www.m-t-z.at\/?page_id=286#breadcrumb\",\"itemListElement\":[{\"@type\":\"ListItem\",\"position\":1,\"name\":\"Startseite\",\"item\":\"http:\/\/www.m-t-z.at\/\"},{\"@type\":\"ListItem\",\"position\":2,\"name\":\"Curriculum\"}]},{\"@type\":\"WebSite\",\"@id\":\"http:\/\/www.m-t-z.at\/#website\",\"url\":\"http:\/\/www.m-t-z.at\/\",\"name\":\"\",\"description\":\"\",\"potentialAction\":[{\"@type\":\"SearchAction\",\"target\":{\"@type\":\"EntryPoint\",\"urlTemplate\":\"http:\/\/www.m-t-z.at\/?s={search_term_string}\"},\"query-input\":\"required name=search_term_string\"}],\"inLanguage\":\"de\"}]}<\/script>\n<!-- \/ Yoast SEO plugin. -->","yoast_head_json":{"title":"Curriculum Ern\u00e4hrung des Hundes","robots":{"index":"index","follow":"follow","max-snippet":"max-snippet:-1","max-image-preview":"max-image-preview:large","max-video-preview":"max-video-preview:-1"},"canonical":"http:\/\/www.m-t-z.at\/?page_id=286","og_locale":"de_DE","og_type":"article","og_title":"Curriculum Ern\u00e4hrung des Hundes","og_description":"Inhalte der Ausbildung\u00a0 Die Inhalte der theoretischen Ausbildung sind in systematisch aufgebauten Bl\u00f6cken konzipiert. Die einzelnen Vortr\u00e4ge der jeweiligen Themengebiete sind inhaltlich aufeinander abgestimmt, Inhaltsverschiebungen\u00a0 innerhalb der Bl\u00f6cke sind jedoch m\u00f6glich. Exkursionen bzw. praktische Workshops sind Teil der theoretischen Themenbereiche und werden von MTZ organisiert und begleitet. Nachweisliches Praktikum in einer tier\u00e4rztlichen Praxis von 20 &hellip; Curriculum weiterlesen &rarr;","og_url":"http:\/\/www.m-t-z.at\/?page_id=286","article_modified_time":"2023-11-30T11:31:09+00:00","twitter_card":"summary","twitter_misc":{"Gesch\u00e4tzte Lesezeit":"2\u00a0Minuten"},"schema":{"@context":"https:\/\/schema.org","@graph":[{"@type":"WebPage","@id":"http:\/\/www.m-t-z.at\/?page_id=286","url":"http:\/\/www.m-t-z.at\/?page_id=286","name":"Curriculum Ern\u00e4hrung des Hundes","isPartOf":{"@id":"http:\/\/www.m-t-z.at\/#website"},"datePublished":"2015-08-18T15:18:46+00:00","dateModified":"2023-11-30T11:31:09+00:00","breadcrumb":{"@id":"http:\/\/www.m-t-z.at\/?page_id=286#breadcrumb"},"inLanguage":"de","potentialAction":[{"@type":"ReadAction","target":["http:\/\/www.m-t-z.at\/?page_id=286"]}]},{"@type":"BreadcrumbList","@id":"http:\/\/www.m-t-z.at\/?page_id=286#breadcrumb","itemListElement":[{"@type":"ListItem","position":1,"name":"Startseite","item":"http:\/\/www.m-t-z.at\/"},{"@type":"ListItem","position":2,"name":"Curriculum"}]},{"@type":"WebSite","@id":"http:\/\/www.m-t-z.at\/#website","url":"http:\/\/www.m-t-z.at\/","name":"","description":"","potentialAction":[{"@type":"SearchAction","target":{"@type":"EntryPoint","urlTemplate":"http:\/\/www.m-t-z.at\/?s={search_term_string}"},"query-input":"required name=search_term_string"}],"inLanguage":"de"}]}},"_links":{"self":[{"href":"http:\/\/www.m-t-z.at\/index.php?rest_route=\/wp\/v2\/pages\/286"}],"collection":[{"href":"http:\/\/www.m-t-z.at\/index.php?rest_route=\/wp\/v2\/pages"}],"about":[{"href":"http:\/\/www.m-t-z.at\/index.php?rest_route=\/wp\/v2\/types\/page"}],"author":[{"embeddable":true,"href":"http:\/\/www.m-t-z.at\/index.php?rest_route=\/wp\/v2\/users\/1"}],"replies":[{"embeddable":true,"href":"http:\/\/www.m-t-z.at\/index.php?rest_route=%2Fwp%2Fv2%2Fcomments&post=286"}],"version-history":[{"count":19,"href":"http:\/\/www.m-t-z.at\/index.php?rest_route=\/wp\/v2\/pages\/286\/revisions"}],"predecessor-version":[{"id":758,"href":"http:\/\/www.m-t-z.at\/index.php?rest_route=\/wp\/v2\/pages\/286\/revisions\/758"}],"wp:attachment":[{"href":"http:\/\/www.m-t-z.at\/index.php?rest_route=%2Fwp%2Fv2%2Fmedia&parent=286"}],"curies":[{"name":"wp","href":"https:\/\/api.w.org\/{rel}","templated":true}]}}